z - 2*z = -14, 4*u - 8 = -4*z. Suppose -4*h = -u + 8. What is the remainder when 5 is divided by (2 - h) + 3/3?
1
Suppose 5*h = 4*c + 20, c - 6 = -2*h + 6*h. Calculate the remainder when 207 is divided by (-18)/c*(-140)/(-12).
18
Suppose -2*y = 2*y - 112. Let m = y + 17. Suppose -b = 4*b - m. Calculate the remainder when b is divided by 4.
1
Suppose 586 = 14*p - 72. What is the remainder when p is divided by 10?
7
Suppose 0 = 3*h - 3*d - 696, -3*h + 4*d = -0*h - 694. What is the remainder when h is divided by 20?
14
Let t = -35 - -62. What is the remainder when 181 is divided by t?
19
Let w(v) = -3*v**2 - 303*v + 1310. Let z = 10 + -6. What is the remainder when w(-105) is divided by z?
2
Let a(q) = q + 2. Let c be a(-2). Suppose -5*u + 54 + 16 = c. What is the remainder when u is divided by -5*(11/(-33))/(2/6)?
4
Let i = -2 - -4. Let l be ((-8)/76 - (-1224)/76) + 1. Suppose -i*c + c = -l. Calculate the remainder when c is divided by 5.
2
Let s = -35 + 55. Suppose -15*n = -3*n - 24. What is the remainder when ((1/3)/(-1))/(n/(-228)) is divided by s?
18
Suppose 0 = -3*w, 4*x - 5 = 3*w + 11. Suppose x*z - 10 = -z. Let l(b) = 17*b + 4. Calculate the remainder when l(z) is divided by 10.
8
Let z be (-2)/8 - (-28)/(-16). What is the remainder when (-4)/(8/(-110)) - -2 is divided by (-867)/(-30) - z/20?
28
Let g = 2 + 2. Let n = g + 10. Calculate the remainder when n is divided by (-20)/(-6)*(-3)/(-2).
4
Suppose -c + 5*f + 87 = 0, 0 = -3*c + c - 3*f + 161. Calculate the remainder when c is divided by 29.
24
Let k(l) = -2*l - 14. Let r be k(-8). Let y(x) = 2*x**2 + 4*x + 1. Calculate the remainder when 32 is divided by y(r).
15
Let d(s) = s**3 - 6*s**2 + 2*s - 13. Let q be d(6). Calculate the remainder when 2 + q - -21 - 15/(-5) is divided by 10.
5
Suppose -4*u + 475 + 665 = 0. Calculate the remainder when u is divided by 30.
15
Let u = 160 + -292. Let h = u - -189. What is the remainder when h is divided by 10?
7
Suppose 77*r = 104*r - 324. What is the remainder when 43 is divided by r?
7
Calculate the remainder when -465*(-1 + 14)/(-65) is divided by 70.
23
Suppose 10*u + 38*u - 612 = -3*u. What is the remainder when (-1*1)/(2/(-138)) is divided by u?
9
Suppose 0 = 22*f - 27*f + 115. Let j = f - 7. Calculate the remainder when 31 is divided by j.
15
Let z = 115 + -68. Suppose 5*a + 1305 = 1335. Calculate the remainder when z is divided by a.
5
Let h(u) = u**3 - 22*u**2 + 26*u - 91. Calculate the remainder when 81 is divided by h(21).
11
Let r(x) = x**2 - 4*x + 1. Let k be r(4). Let t(q) = 62*q - 784. Calculate the remainder when ((53 - k) + 2)*2 is divided by t(13).
20
Let a be 2/5 + 748/55. Suppose 2 = -4*l + a. Suppose 2*o - 2*f - 16 = 0, 3*o + 0*o - 42 = -l*f. Calculate the remainder when 19 is divided by o.
8
Suppose 0*i + i + 5*k = -1, -4*i - 2*k = 4. Calculate the remainder when -1 + -1 + (-300)/(-4) is divided by (-7 - 12)/(i/1).
16
Suppose 331*t + 3781 = 350*t. Calculate the remainder when t is divided by 78.
43
Suppose 35 = -5*y - 5*j, 3*j + 2 + 4 = 0. Let a(x) = 3*x**2 + 4*x + 4. Calculate the remainder when a(y) is divided by 20.
19
What is the remainder when 3645/(-90)*44/(-3) is divided by 20?
14
Suppose -10 = -5*h - 5. What is the remainder when -1 + 8 - (2 - -2)/((-28)/56) is divided by h?
0
Suppose -155*w + 137*w = -396. Suppose 256 = -t + 5*t. What is the remainder when t is divided by w?
20
Let m(u) = 3*u - 6. Let a = 7 + 0. Let z be m(a). Calculate the remainder when 47 is divided by (-3)/z + 102/10.
7
Suppose 5*x + u + 40 = 179, 2*x = -5*u + 74. Calculate the remainder when x is divided by 25.
2
Let t = 33 + -5. Suppose -3*c + t = 19. What is the remainder when 17 is divided by c?
2
What is the remainder when (2 - 0)*(-795)/(-6) is divided by 89?
87
What is the remainder when 63 is divided by (0 - 3*(-17)/(-3))/(-1)?
12
Suppose -248 - 130 = -9*b. Calculate the remainder when b is divided by 16.
10
Suppose 18*n - 5*u - 655 = 13*n, 5*n = u + 647. Calculate the remainder when n is divided by 56.
17
Let f be -35*(-4 + (-110)/(-25)). Calculate the remainder when 38 is divided by ((-4)/f)/(5/175).
8
Suppose 9*v = 8*v + 111. Calculate the remainder when v is divided by 30.
21
Let r = -700 + 704. Suppose -5*a - 2*c = 292, -3*a - 2*c - 29 = 147. What is the remainder when r/24 - a/12 is divided by 2?
1
Suppose 4*o - 5*l = -o + 250, 4*o + l - 185 = 0. Suppose 0 = -3*z - 4*q + 44, -7*q = -2*z - 4*q + 35. Calculate the remainder when o is divided by z.
15
Suppose -o = 4*o + 5, 256 = 4*z - 4*o. What is the remainder when z is divided by 14?
7
Let x(c) = -c**3 + 3*c**2 - 2*c + 1. Let t = 6 + -3. Let l be x(t). Let k = l - -7. Calculate the remainder when 3 is divided by k.
1
Let w(r) be the first derivative of r**3/6 + 21*r**2/2 + 2*r - 4. Let c(x) be the first derivative of w(x). Calculate the remainder when 62 is divided by c(0).
20
Let j(s) = -2*s - 7. Let p = -7 - -2. Suppose -5*u - 7*h + 3*h = -60, 3*u + 4*h = 44. What is the remainder when u is divided by j(p)?
2
Let r = 40 - 20. Suppose 576 = -r*a + 2276. Calculate the remainder when a is divided by 11.
8
Suppose -4*d - 3*y + 13 + 4 = 0, -2*d = y - 9. Suppose 2*f + 53 = 127. What is the remainder when f is divided by d?
2
Suppose 7*a + 737 - 1423 = 0. What is the remainder when a is divided by 36?
26
Let t be ((-423)/27)/((-1)/18). Suppose t = 8*p - 5*p. What is the remainder when p is divided by ((-18)/(-5))/(9/60)?
22
Suppose 992 = -4*t + 2*n, -4*t + 0*n - 5*n = 992. Let h = t - -413. Calculate the remainder when h is divided by 21.
18
Let p = 501 - 468. Suppose 20 = -5*o + 5*w, 0 = -2*o - w - 3 - 2. Calculate the remainder when p is divided by (-2)/(((-12)/(-34))/o).
16
Let h = -17 - -23. Suppose -39 = -h*p + 5*p. What is the remainder when p is divided by 10?
9
Let q = -20 + 36. Let j(c) = -c**3 - 2*c**2 + c + 6. Let s be j(0). What is the remainder when (s/(-12))/((-3)/282) is divided by q?
15
Let x be ((-76)/(-10))/(7/(-35)). Let l = x + 39. Let m = l - -11. Calculate the remainder when 34 is divided by m.
10
What is the remainder when 188 is divided by (-15 + 14)*(0 + -38)?
36
Let y(i) = 2*i**3 - 12*i**2 + 13*i - 18. Let h be y(10). Suppose 5*f - h = 213. Suppose -13*u - f = -16*u. What is the remainder when u is divided by 19?
18
What is the remainder when 344 is divided by (58/2)/((-75)/(-10) - 7)?
54
Calculate the remainder when 411 is divided by (234/(-24) + 4)*-12.
66
What is the remainder when (-15)/6 + 1094/4 is divided by 21?
19
Suppose 3*k + 3*a = 2*a, 4*k = -4*a. Suppose 2 = 2*w + 5*m, w + 6*m - 3*m = k. Let u(n) = 2*n - 9. Calculate the remainder when 4 is divided by u(w).
1
Suppose 25*u - 11*u = 882. Calculate the remainder when 140 is divided by u.
14
Suppose 0 = 6*h - 40 - 152. Calculate the remainder when h is divided by 21.
11
Let z(p) = 4*p + 62. Suppose 3*b = -2*b - 4*a + 124, -2*a + 104 = 4*b. What is the remainder when z(12) is divided by b?
26
Let p(l) = 41*l**3 + l**2. Let g(q) = q + 8. Let k be g(-7). Let c be p(k). Suppose -2*u - c = -4*u. What is the remainder when 82 is divided by u?
19
Suppose 0 = -i + 4. Suppose 3*d = 5*l + i - 11, l - 4*d + 2 = 0. Suppose 4*a - l*v - 45 = 49, 78 = 3*a + v. Calculate the remainder when a is divided by 9.
7
Suppose -10*i + 3*i = 14. What is the remainder when 46 is divided by 144/(-54)*(-9)/(-4)*i?
10
Suppose 8 + 5 = o. What is the remainder when 44 is divided by o?
5
Calculate the remainder when ((-1)/2)/(25/(-350))*6 is divided by 25.
17
Let l be 4 - 89/(-2)*2. Suppose g = -2*g + l. What is the remainder when g is divided by 1 + 8 + -3 + 5?
9
Suppose 5*n = -4*h + 686, -n + 69*h + 118 = 65*h. Calculate the remainder when n is divided by 2.
0
Let p(a) = -3*a + 139. What is the remainder when 468 is divided by p(6)?
105
Let i = 937 - 917. Calculate the remainder when 2118 is divided by i.
18
Let m = 103 - 11. Let g = 139 - m. Calculate the remainder when g is divided by 17.
13
Let y be (-930)/(-39) + (-12)/(-78). Suppose 8*v + 0*v = y. Suppose 0 = -2*s - 3*s + 25. What is the remainder when s is divided by v?
2
What is the remainder when 99 is divided by (-272)/(-28)*21/(-18)*-3?
31
Let f = -26 - -65. Let x = f - 27. Calculate the remainder when 47 is divided by x.
11
Let v be ((-28)/(-8) + -1)*-6. Let d = 20 + v. 